{"id":31,"date":"2016-09-16T08:07:23","date_gmt":"2016-09-16T08:07:23","guid":{"rendered":"http:\/\/cercle-lc.ch\/wordpress\/?page_id=31"},"modified":"2018-11-15T12:16:42","modified_gmt":"2018-11-15T10:16:42","slug":"le-centieme","status":"publish","type":"page","link":"https:\/\/cercle-lc.ch\/wordpress\/histoire\/le-centieme\/","title":{"rendered":"La c\u00e9l\u00e9bration du Centenaire"},"content":{"rendered":"<p>Dans l&rsquo;incertitude o\u00f9 l&rsquo;on \u00e9tait sur la date de fondation, on se pr\u00e9occupa, d\u00e8s le d\u00e9but de 1912, de pr\u00e9parer les f\u00eates du. Centenaire. La comm\u00e9moration fut fix\u00e9e au 19 avril 1914. Au banquet officiel particip\u00e8rent cent vingt-huit convives qui \u2014 \u00f4 douceur du temps jadis ! \u2014 pay\u00e8rent pour tout \u00e9cot trois francs et cinquante centimes&#8230;<\/p>\n<p>L&rsquo;immeuble de la rue St-Pierre \u00e9tait pavois\u00e9 aux couleurs f\u00e9d\u00e9rales, cantonales et communales la grande salle se trouvait fleurie et d\u00e9cor\u00e9e. Entourant le comit\u00e9 et le conseiller national Lichti, les d\u00e9l\u00e9gations invit\u00e9es t\u00e9moignaient d&rsquo;une pr\u00e9sence amicale. Les Vieux-Radicaux de Gen\u00e8ve, le Cercle d\u00e9mocratique de Lausanne, les Jeunes-Radicaux de Berne, le Cercle des Arts et M\u00e9tiers de Bulle, les d\u00e9l\u00e9gu\u00e9s de Romont, du Vully, du Cercle des Travailleurs, et bien d&rsquo;autres, affermissaient par leur pr\u00e9sence des liens anciennement nou\u00e9s.<\/p>\n<p>Le toast \u00e0 la patrie \u00e9tait port\u00e9 par Arthur Blanc, le petit-fils d&rsquo;un des premiers et des plus z\u00e9l\u00e9s membres du Cercle:<\/p>\n<p><em>&#8230;Nous sommes par tradition et en d\u00e9pit de tous les sarcasmes un parti d&rsquo;\u00e9volution intellectuelle et de lib\u00e9ration ; lorsque je regarde dans les profondeurs du pass\u00e9, j&rsquo;y vois nos p\u00e8res luttant contre toutes les forces d&rsquo;\u00e9crasement et de r\u00e9action pour donner \u00e0 l&rsquo;individu un peu plus de bien-\u00eatre, un peu plus de libert\u00e9.<a href=\"https:\/\/cercle-lc.ch\/wordpress\/wp-admin\/post.php?post=31&amp;action=edit#_ftn1\" name=\"_ftnref1\"><strong>[1]<\/strong><\/a><\/em><\/p>\n<p>Les pr\u00e9mices du grand bouleversement qu&rsquo;apportera la guerre, trois mois plus tard, se faisaient sentir ; l&rsquo;orateur exprimait ainsi sa pens\u00e9e :<\/p>\n<p><em>Des haines f\u00e9roces, des pr\u00e9ventions irr\u00e9ductibles s\u00e9parent les peuples de la partie la plus civilis\u00e9e du globe <\/em><em>terrestre ; nous voyons partout l&rsquo;orgueil, cette f\u00e9e corruptrice et mauvaise, s&rsquo;introduire subrepticement dans les \u00e2mes et verser son poison mortel dans les meilleurs c\u0153urs. <\/em><\/p>\n<p><em>Mous devons donc continuer d&rsquo;exalter ce noble sentiment de la patrie pour qu&rsquo;au moment du danger tous les citoyens de ce pays soient en possession d&rsquo;une \u00e9nergie morale ad\u00e9quate aux grands devoirs qu&rsquo;exigerait son salut. <\/em><\/p>\n<p>Les porte-parole des d\u00e9l\u00e9gations invit\u00e9es offraient leurs t\u00e9moignages. De Gen\u00e8ve, l&rsquo;avocat et ancien d\u00e9put\u00e9 C\u00e9sar Hudry apportait cette profession de foi :<\/p>\n<p><em>A ceux qui savent ainsi poursuivre un id\u00e9al, aux citoyens d\u00e9sint\u00e9ress\u00e9s qui continuent all\u00e8grement leur marche en avant sans s&#8217;embarrasser de compromissions honteuses, appartient l&rsquo;avenir&#8230; <\/em><\/p>\n<p>Le Dr Winkler, de Berne, exprimait l&rsquo;admiration qu&rsquo;il porte \u00e0 la minorit\u00e9 fribourgeoise :<\/p>\n<p><em>&#8230;l&rsquo;esprit de sacrifice, la force morale dont elle a su faire preuve m\u00eame, lorsque syst\u00e9matiquement, on la d\u00e9pouillait des int\u00e9r\u00eats mat\u00e9riels auxquels elle pouvait l\u00e9gitimement pr\u00e9tendre. <\/em><\/p>\n<p>On c\u00e9l\u00e9bra le 40\u00e8me anniversaire de la Constitution f\u00e9d\u00e9rale du 14 avril 1874, \u00ab pas d\u00e9cisif dans la voie des conqu\u00eates du droit public moderne \u00bb.<\/p>\n<p>Le pr\u00e9sident du Cercle d\u00e9mocratique de Lausanne, M. Borgeaud, releva qu&rsquo;\u00e0 sa connaissance trois Cercles seulement ont pass\u00e9 le cap du centenaire. Il complimente le Cercle litt\u00e9raire \u00ab qui a travers\u00e9 tant de tourmentes et abrit\u00e9 tant d&rsquo;hommes de devoir \u00bb et rel\u00e8ve que \u00ab ce sont les \u00e9poques troubl\u00e9es qui suscitent les plus beaux d\u00e9vouements \u00bb.<\/p>\n<p>Le Gru\u00e9rien Arnold Desbiolles releva que le drapeau du Cercle litt\u00e9raire et de commerce flotta toujours \u00e0 c\u00f4t\u00e9 de celui du Cercle des Arts et M\u00e9tiers de Bulle \u00e0 l&rsquo;annuel banquet des Rois ; il loua la libert\u00e9, le progr\u00e8s, la d\u00e9mocratie et la justice.<\/p>\n<p>Le pr\u00e9sident Dr Emmanuel Dupraz, avocat, brossa un historique du Cercle qui est, du m\u00eame coup, celui du canton. En 1798, la R\u00e9publique helv\u00e9tique venait d&rsquo;\u00eatre instaur\u00e9e. La Chambre administrative devint l&rsquo;autorit\u00e9 ex\u00e9cutive du canton de Sarine et Broye. Elle \u00e9tait compos\u00e9e de lib\u00e9raux dont les noms se retrouvent en partie parmi ceux des fondateurs du Cercle. Le principal d&rsquo;entr&rsquo;eux est Constantin Blanc, administrateur, de Charmey, premier fondateur inscrit.<\/p>\n<p>On retrouvera des membres du Cercle \u2014 Charles Duclos, de Vaulruz, Georges Badoud, de Romont, Jean-Joseph Berger, d&rsquo;Onnens \u2014 seuls d\u00e9mocrates parmi les membres du Conseil d&rsquo;appel issu de la Constitution du 10 mai 1841, qui vit le r\u00e9tablissement des privil\u00e8ges de la naissance, du lieu et de la fortune.<\/p>\n<p>Nous citons le Dr Dupraz : <em>Ce retour \u00e0 l&rsquo;oligarchie souleva, cependant, un sourd m\u00e9contentement populaire et la valeur des chefs de l&rsquo;opposition, la force des id\u00e9es lib\u00e9rales, ne tard\u00e8rent pas \u00e0 en avoir raison : la d\u00e9mocratie \u00e9tait en marche et c&rsquo;est<\/em> <em>dans ces circonstances que le Cercle est fond\u00e9. La premi\u00e8re physionomie du Cercle est marqu\u00e9e par ces chefs aux id\u00e9es profond\u00e9ment d\u00e9mocratiques et lib\u00e9rales, aux fortes \u00e9tudes, \u00e0 la probit\u00e9 incontest\u00e9e qui en sont l&rsquo;esprit ; \u00e0 c\u00f4t\u00e9 d&rsquo;eux nous voyons une foule de citoyens qui s&rsquo;occupent \u00e0 gagner leur vie, qui vont \u00e0 leurs affaires, qui aiment la libert\u00e9, le mieux-\u00eatre, qui veulent une d\u00e9mocratie organis\u00e9e dans l&rsquo;ordre et le progr\u00e8s : je parle des commer\u00e7ants, des industriels qui, ind\u00e9pendants par situation, sont rest\u00e9s et resteront, jusqu&rsquo;\u00e0 ce jour, l&rsquo;\u00e2me et l&rsquo;ossature de ce Cercle. <\/em><\/p>\n<p><em>Le clerg\u00e9 lui-m\u00eame a plut\u00f4t, \u00e0 l&rsquo;\u00e9poque, des id\u00e9es d\u00e9mocratiques. Sans contact avec l&rsquo;aristocratie, il n&rsquo;h\u00e9site pas \u00e0 para\u00eetre ou comme membre, ou comme invit\u00e9 du Cercle. Je cite au hasard : Joye, chanoine, dont les relations tr\u00e8s \u00e9tendues nous valent l&rsquo;introduction de personnages tr\u00e8s importants du dehors. Je continue par Girard, Dom Prieur \u00e0 Hauterive, Corminboeuf, cur\u00e9 de Neyruz, Suard, aum\u00f4nier du 8\u00e8me Garde Royale, \u00e0 Progens, le chanoine Cam\u00e9lique, de Gruy\u00e8res, et tant d&rsquo;autres. Il serait d&rsquo;un haut int\u00e9r\u00eat pour l&rsquo;historien du canton de Fribourg, de reconstituer la liste de tous les personnages marquants, militaires, professeurs, princes, qui ont pass\u00e9 dans les locaux du Cercle quelques agr\u00e9ables moments. A chaque commotion politique ext\u00e9rieure correspond un flux d&rsquo;\u00e9trangers auxquels le Cercle ouvre gracieusement ses portes.<a href=\"https:\/\/cercle-lc.ch\/wordpress\/wp-admin\/post.php?post=31&amp;action=edit#_ftn2\" name=\"_ftnref2\"><strong>[2]<\/strong><\/a><\/em><\/p>\n<p>La guerre des B\u00e2tons \u00e9clate le 2 d\u00e9cembre 1830. Les revendications populaires s&rsquo;affirment. Le 7, le gouvernement c\u00e8de. L&rsquo;\u00e9galit\u00e9 des citoyens, la d\u00e9claration que la souverainet\u00e9 \u00e9mane du peuple sont vot\u00e9s sans coup f\u00e9rir. Les suscitateurs du mouvement sont membres du Cercle, ou en sont imm\u00e9diatement re\u00e7us. Il faut citer Tobie Gerbex, d&rsquo;Estavayer, Louis Moret, de Romont, Pierre Chevalley, d&rsquo;Attalens, Hubert Charles, de Riaz, Jacques Thalmann, de Planfayon, Jean-L\u00e9on Perroud, de Ch\u00e2tel-St-Denis, tous conseillers d&rsquo;Etat. Il y faut ajouter Joseph Kolly, d&rsquo;Arconciel, conseiller d&rsquo;appel, Jacques Reydellet, Grand Sautier, et d&rsquo;autres encore.<\/p>\n<p>Le Dr Dupraz poursuit : <em>&#8230;je vais suivre par les \u00e9v\u00e9nements qui ont, comme principaux acteurs, des membres du. Cercle. C&rsquo;est entre les mains de M. Charles, de Rial, Frossard, juge d&rsquo;appel, Bondallaz, conseiller d&rsquo;\u00c9tat, Jean Landerset et Noyer, pr\u00e9fet de Morat, que le gouvernement abdique spontan\u00e9ment ses pouvoirs apr\u00e8s la capitulation de Fribourg, conclue entre les d\u00e9l\u00e9gu\u00e9s du gouvernement, MM. Odet, syndic de Fribourg et Musslin, avocat, membres du Cercle, d&rsquo;une part, et le g\u00e9n\u00e9ral Dufour de l&rsquo;autre. Le proc\u00e8s-verbal de l&rsquo;assembl\u00e9e populaire qui d\u00e9signe le gouvernement provisoire est sign\u00e9 par Louis Villard, a\u00een\u00e9, procureur jur\u00e9, F.-X. Suchet, instituteur, F. Savary, tous membres dit Cercle. Le gouvernement provisoire se compose de Julien Schaller, L\u00e9on Pittet, Chatonney, greffier,<\/em> <em>Robadey, ancien syndic, Wicky, colonel, Broye, pr\u00e9sident, Castella, avocat, membres du Cercle. <\/em><\/p>\n<p><em>Si tous les hommes politiques lib\u00e9raux de l&rsquo;\u00e9poque font partie du Cercle, les r\u00e9unions du comit\u00e9, les assembl\u00e9es pr\u00e9sid\u00e9es par eux n&rsquo;ont pas chang\u00e9 de caract\u00e8re : les protocoles continuent \u00e0 ne faire mention que du budget, des comptes et des journaux. Il semblerait que ces \u00e9minents citoyens viennent au Cercle pour jouir au milieu d&rsquo;amis, de quelques moments de tranquillit\u00e9 et pour se d\u00e9barrasser un instant du souci de leurs occupations.<\/em><\/p>\n<p>Le Dr Dupraz souligne encore les grandes \u0153uvres accomplies dans un climat de tension et d&rsquo;agitation : la Banque cantonale, le Code civil, la Caisse hypoth\u00e9caire, l&rsquo;\u00c9cole d&rsquo;agriculture d&rsquo;Hauterive, toutes les lois qui ont continu\u00e9 \u00e0 r\u00e9gir le Canton de Fribourg jusqu&rsquo;\u00e0 nos jours. La p\u00e9riode de 1847 \u00e0 1850 conduit dans les locaux du Cercle des personnages importants. Les officiers des troupes f\u00e9d\u00e9rales y sont accueillis ; ceux d&rsquo;Argovie font pr\u00e9sent, par gratitude, de la statue du g\u00e9n\u00e9ral Dufour.<\/p>\n<p>Survient la chute du r\u00e9gime radical, qui n&rsquo;a pas de r\u00e9percussion profonde sur la composition du Cercle. L&rsquo;amiti\u00e9 conf\u00e9d\u00e9rale se t\u00e9moigne par des pr\u00e9sences r\u00e9confortantes, dont celle du conseiller f\u00e9d\u00e9ral Louis Ruchonnet.<\/p>\n<p>Evoquant \u00ab l&rsquo;\u00e9poque h\u00e9ro\u00efque \u00bb, l&rsquo;orateur ne s&rsquo;y attarde que pour mentionner au passage ceux dont la fid\u00e9lit\u00e9 assura la p\u00e9rennit\u00e9 du Cercle, les Bielmann, Cuony, Gu\u00e9rig, Broye, Gendre, Marmier&#8230; Il cita Renan : \u00ab Ce qui fait que les hommes forment un peuple, c&rsquo;est le souvenir des grandes choses qu&rsquo;ils ont faites ensemble et la volont\u00e9 d&rsquo;en accomplir de nouvelles \u00bb. Au progr\u00e8s, \u00e0 la d\u00e9mocratie, \u00e0 l&rsquo;avenir, on leva les verres, et l&rsquo;on chanta les hymnes au pays.<\/p>\n<p><a href=\"https:\/\/cercle-lc.ch\/wordpress\/wp-admin\/post.php?post=31&amp;action=edit#_ftnref1\" name=\"_ftn1\">[1]<\/a> L&rsquo;Ind\u00e9pendant du 21 avril 1914<\/p>\n<p><a href=\"https:\/\/cercle-lc.ch\/wordpress\/wp-admin\/post.php?post=31&amp;action=edit#_ftnref2\" name=\"_ftn2\">[2]<\/a> L&rsquo;Ind\u00e9pendant du 21 avril 1914<\/p>\n","protected":false},"excerpt":{"rendered":"<p>Dans l&rsquo;incertitude o\u00f9 l&rsquo;on \u00e9tait sur la date de fondation, on se pr\u00e9occupa, d\u00e8s le d\u00e9but de 1912, de pr\u00e9parer les f\u00eates du. Centenaire. La comm\u00e9moration fut fix\u00e9e au 19 avril 1914. Au banquet officiel particip\u00e8rent cent vingt-huit convives qui \u2014 \u00f4 douceur du temps jadis ! \u2014 pay\u00e8rent pour tout \u00e9cot trois francs et [&hellip;]<\/p>\n","protected":false},"author":1,"featured_media":0,"parent":21,"menu_order":0,"comment_status":"closed","ping_status":"closed","template":"page-fullwidth.php","meta":{"footnotes":""},"class_list":["post-31","page","type-page","status-publish","hentry"],"_links":{"self":[{"href":"https:\/\/cercle-lc.ch\/wordpress\/wp-json\/wp\/v2\/pages\/31","targetHints":{"allow":["GET"]}}],"collection":[{"href":"https:\/\/cercle-lc.ch\/wordpress\/wp-json\/wp\/v2\/pages"}],"about":[{"href":"https:\/\/cercle-lc.ch\/wordpress\/wp-json\/wp\/v2\/types\/page"}],"author":[{"embeddable":true,"href":"https:\/\/cercle-lc.ch\/wordpress\/wp-json\/wp\/v2\/users\/1"}],"replies":[{"embeddable":true,"href":"https:\/\/cercle-lc.ch\/wordpress\/wp-json\/wp\/v2\/comments?post=31"}],"version-history":[{"count":3,"href":"https:\/\/cercle-lc.ch\/wordpress\/wp-json\/wp\/v2\/pages\/31\/revisions"}],"predecessor-version":[{"id":368,"href":"https:\/\/cercle-lc.ch\/wordpress\/wp-json\/wp\/v2\/pages\/31\/revisions\/368"}],"up":[{"embeddable":true,"href":"https:\/\/cercle-lc.ch\/wordpress\/wp-json\/wp\/v2\/pages\/21"}],"wp:attachment":[{"href":"https:\/\/cercle-lc.ch\/wordpress\/wp-json\/wp\/v2\/media?parent=31"}],"curies":[{"name":"wp","href":"https:\/\/api.w.org\/{rel}","templated":true}]}}

La célébration du Centenaire

<p>Dans l&rsquo;incertitude où l&rsquo;on était sur la date de fondation, on se préoccupa, dès le début de 1912, de préparer les fêtes du. Centenaire. La commémoration fut fixée au 19 avril 1914. Au banquet officiel participèrent cent vingt-huit convives qui — ô douceur du temps jadis ! — payèrent pour tout écot trois francs et cinquante centimes&#8230;</p>
<p>L&rsquo;immeuble de la rue St-Pierre était pavoisé aux couleurs fédérales, cantonales et communales la grande salle se trouvait fleurie et décorée. Entourant le comité et le conseiller national Lichti, les délégations invitées témoignaient d&rsquo;une présence amicale. Les Vieux-Radicaux de Genève, le Cercle démocratique de Lausanne, les Jeunes-Radicaux de Berne, le Cercle des Arts et Métiers de Bulle, les délégués de Romont, du Vully, du Cercle des Travailleurs, et bien d&rsquo;autres, affermissaient par leur présence des liens anciennement noués.</p>
<p>Le toast à la patrie était porté par Arthur Blanc, le petit-fils d&rsquo;un des premiers et des plus zélés membres du Cercle:</p>
<p><em>&#8230;Nous sommes par tradition et en dépit de tous les sarcasmes un parti d&rsquo;évolution intellectuelle et de libération ; lorsque je regarde dans les profondeurs du passé, j&rsquo;y vois nos pères luttant contre toutes les forces d&rsquo;écrasement et de réaction pour donner à l&rsquo;individu un peu plus de bien-être, un peu plus de liberté.<a href="https://cercle-lc.ch/wordpress/wp-admin/post.php?post=31&amp;action=edit#_ftn1" name="_ftnref1"><strong>[1]</strong></a></em></p>
<p>Les prémices du grand bouleversement qu&rsquo;apportera la guerre, trois mois plus tard, se faisaient sentir ; l&rsquo;orateur exprimait ainsi sa pensée :</p>
<p><em>Des haines féroces, des préventions irréductibles séparent les peuples de la partie la plus civilisée du globe </em><em>terrestre ; nous voyons partout l&rsquo;orgueil, cette fée corruptrice et mauvaise, s&rsquo;introduire subrepticement dans les âmes et verser son poison mortel dans les meilleurs cœurs. </em></p>
<p><em>Mous devons donc continuer d&rsquo;exalter ce noble sentiment de la patrie pour qu&rsquo;au moment du danger tous les citoyens de ce pays soient en possession d&rsquo;une énergie morale adéquate aux grands devoirs qu&rsquo;exigerait son salut. </em></p>
<p>Les porte-parole des délégations invitées offraient leurs témoignages. De Genève, l&rsquo;avocat et ancien député César Hudry apportait cette profession de foi :</p>
<p><em>A ceux qui savent ainsi poursuivre un idéal, aux citoyens désintéressés qui continuent allègrement leur marche en avant sans s&#8217;embarrasser de compromissions honteuses, appartient l&rsquo;avenir&#8230; </em></p>
<p>Le Dr Winkler, de Berne, exprimait l&rsquo;admiration qu&rsquo;il porte à la minorité fribourgeoise :</p>
<p><em>&#8230;l&rsquo;esprit de sacrifice, la force morale dont elle a su faire preuve même, lorsque systématiquement, on la dépouillait des intérêts matériels auxquels elle pouvait légitimement prétendre. </em></p>
<p>On célébra le 40ème anniversaire de la Constitution fédérale du 14 avril 1874, « pas décisif dans la voie des conquêtes du droit public moderne ».</p>
<p>Le président du Cercle démocratique de Lausanne, M. Borgeaud, releva qu&rsquo;à sa connaissance trois Cercles seulement ont passé le cap du centenaire. Il complimente le Cercle littéraire « qui a traversé tant de tourmentes et abrité tant d&rsquo;hommes de devoir » et relève que « ce sont les époques troublées qui suscitent les plus beaux dévouements ».</p>
<p>Le Gruérien Arnold Desbiolles releva que le drapeau du Cercle littéraire et de commerce flotta toujours à côté de celui du Cercle des Arts et Métiers de Bulle à l&rsquo;annuel banquet des Rois ; il loua la liberté, le progrès, la démocratie et la justice.</p>
<p>Le président Dr Emmanuel Dupraz, avocat, brossa un historique du Cercle qui est, du même coup, celui du canton. En 1798, la République helvétique venait d&rsquo;être instaurée. La Chambre administrative devint l&rsquo;autorité exécutive du canton de Sarine et Broye. Elle était composée de libéraux dont les noms se retrouvent en partie parmi ceux des fondateurs du Cercle. Le principal d&rsquo;entr&rsquo;eux est Constantin Blanc, administrateur, de Charmey, premier fondateur inscrit.</p>
<p>On retrouvera des membres du Cercle — Charles Duclos, de Vaulruz, Georges Badoud, de Romont, Jean-Joseph Berger, d&rsquo;Onnens — seuls démocrates parmi les membres du Conseil d&rsquo;appel issu de la Constitution du 10 mai 1841, qui vit le rétablissement des privilèges de la naissance, du lieu et de la fortune.</p>
<p>Nous citons le Dr Dupraz : <em>Ce retour à l&rsquo;oligarchie souleva, cependant, un sourd mécontentement populaire et la valeur des chefs de l&rsquo;opposition, la force des idées libérales, ne tardèrent pas à en avoir raison : la démocratie était en marche et c&rsquo;est</em> <em>dans ces circonstances que le Cercle est fondé. La première physionomie du Cercle est marquée par ces chefs aux idées profondément démocratiques et libérales, aux fortes études, à la probité incontestée qui en sont l&rsquo;esprit ; à côté d&rsquo;eux nous voyons une foule de citoyens qui s&rsquo;occupent à gagner leur vie, qui vont à leurs affaires, qui aiment la liberté, le mieux-être, qui veulent une démocratie organisée dans l&rsquo;ordre et le progrès : je parle des commerçants, des industriels qui, indépendants par situation, sont restés et resteront, jusqu&rsquo;à ce jour, l&rsquo;âme et l&rsquo;ossature de ce Cercle. </em></p>
<p><em>Le clergé lui-même a plutôt, à l&rsquo;époque, des idées démocratiques. Sans contact avec l&rsquo;aristocratie, il n&rsquo;hésite pas à paraître ou comme membre, ou comme invité du Cercle. Je cite au hasard : Joye, chanoine, dont les relations très étendues nous valent l&rsquo;introduction de personnages très importants du dehors. Je continue par Girard, Dom Prieur à Hauterive, Corminboeuf, curé de Neyruz, Suard, aumônier du 8ème Garde Royale, à Progens, le chanoine Camélique, de Gruyères, et tant d&rsquo;autres. Il serait d&rsquo;un haut intérêt pour l&rsquo;historien du canton de Fribourg, de reconstituer la liste de tous les personnages marquants, militaires, professeurs, princes, qui ont passé dans les locaux du Cercle quelques agréables moments. A chaque commotion politique extérieure correspond un flux d&rsquo;étrangers auxquels le Cercle ouvre gracieusement ses portes.<a href="https://cercle-lc.ch/wordpress/wp-admin/post.php?post=31&amp;action=edit#_ftn2" name="_ftnref2"><strong>[2]</strong></a></em></p>
<p>La guerre des Bâtons éclate le 2 décembre 1830. Les revendications populaires s&rsquo;affirment. Le 7, le gouvernement cède. L&rsquo;égalité des citoyens, la déclaration que la souveraineté émane du peuple sont votés sans coup férir. Les suscitateurs du mouvement sont membres du Cercle, ou en sont immédiatement reçus. Il faut citer Tobie Gerbex, d&rsquo;Estavayer, Louis Moret, de Romont, Pierre Chevalley, d&rsquo;Attalens, Hubert Charles, de Riaz, Jacques Thalmann, de Planfayon, Jean-Léon Perroud, de Châtel-St-Denis, tous conseillers d&rsquo;Etat. Il y faut ajouter Joseph Kolly, d&rsquo;Arconciel, conseiller d&rsquo;appel, Jacques Reydellet, Grand Sautier, et d&rsquo;autres encore.</p>
<p>Le Dr Dupraz poursuit : <em>&#8230;je vais suivre par les événements qui ont, comme principaux acteurs, des membres du. Cercle. C&rsquo;est entre les mains de M. Charles, de Rial, Frossard, juge d&rsquo;appel, Bondallaz, conseiller d&rsquo;État, Jean Landerset et Noyer, préfet de Morat, que le gouvernement abdique spontanément ses pouvoirs après la capitulation de Fribourg, conclue entre les délégués du gouvernement, MM. Odet, syndic de Fribourg et Musslin, avocat, membres du Cercle, d&rsquo;une part, et le général Dufour de l&rsquo;autre. Le procès-verbal de l&rsquo;assemblée populaire qui désigne le gouvernement provisoire est signé par Louis Villard, aîné, procureur juré, F.-X. Suchet, instituteur, F. Savary, tous membres dit Cercle. Le gouvernement provisoire se compose de Julien Schaller, Léon Pittet, Chatonney, greffier,</em> <em>Robadey, ancien syndic, Wicky, colonel, Broye, président, Castella, avocat, membres du Cercle. </em></p>
<p><em>Si tous les hommes politiques libéraux de l&rsquo;époque font partie du Cercle, les réunions du comité, les assemblées présidées par eux n&rsquo;ont pas changé de caractère : les protocoles continuent à ne faire mention que du budget, des comptes et des journaux. Il semblerait que ces éminents citoyens viennent au Cercle pour jouir au milieu d&rsquo;amis, de quelques moments de tranquillité et pour se débarrasser un instant du souci de leurs occupations.</em></p>
<p>Le Dr Dupraz souligne encore les grandes œuvres accomplies dans un climat de tension et d&rsquo;agitation : la Banque cantonale, le Code civil, la Caisse hypothécaire, l&rsquo;École d&rsquo;agriculture d&rsquo;Hauterive, toutes les lois qui ont continué à régir le Canton de Fribourg jusqu&rsquo;à nos jours. La période de 1847 à 1850 conduit dans les locaux du Cercle des personnages importants. Les officiers des troupes fédérales y sont accueillis ; ceux d&rsquo;Argovie font présent, par gratitude, de la statue du général Dufour.</p>
<p>Survient la chute du régime radical, qui n&rsquo;a pas de répercussion profonde sur la composition du Cercle. L&rsquo;amitié confédérale se témoigne par des présences réconfortantes, dont celle du conseiller fédéral Louis Ruchonnet.</p>
<p>Evoquant « l&rsquo;époque héroïque », l&rsquo;orateur ne s&rsquo;y attarde que pour mentionner au passage ceux dont la fidélité assura la pérennité du Cercle, les Bielmann, Cuony, Guérig, Broye, Gendre, Marmier&#8230; Il cita Renan : « Ce qui fait que les hommes forment un peuple, c&rsquo;est le souvenir des grandes choses qu&rsquo;ils ont faites ensemble et la volonté d&rsquo;en accomplir de nouvelles ». Au progrès, à la démocratie, à l&rsquo;avenir, on leva les verres, et l&rsquo;on chanta les hymnes au pays.</p>
<p><a href="https://cercle-lc.ch/wordpress/wp-admin/post.php?post=31&amp;action=edit#_ftnref1" name="_ftn1">[1]</a> L&rsquo;Indépendant du 21 avril 1914</p>
<p><a href="https://cercle-lc.ch/wordpress/wp-admin/post.php?post=31&amp;action=edit#_ftnref2" name="_ftn2">[2]</a> L&rsquo;Indépendant du 21 avril 1914</p>

<p>Dans l&rsquo;incertitude où l&rsquo;on était sur la date de fondation, on se préoccupa, dès le début de 1912, de préparer les fêtes du. Centenaire. La commémoration fut fixée au 19 avril 1914. Au banquet officiel participèrent cent vingt-huit convives qui — ô douceur du temps jadis ! — payèrent pour tout écot trois francs et [&hellip;]</p>
