{"id":33,"date":"2016-09-16T08:08:12","date_gmt":"2016-09-16T08:08:12","guid":{"rendered":"http:\/\/cercle-lc.ch\/wordpress\/?page_id=33"},"modified":"2017-05-19T10:29:25","modified_gmt":"2017-05-19T10:29:25","slug":"les-150-ans","status":"publish","type":"page","link":"https:\/\/cercle-lc.ch\/wordpress\/histoire\/les-150-ans\/","title":{"rendered":"Les 150 ans"},"content":{"rendered":"<p>En vertu de la mission qui nous a \u00e9t\u00e9 confi\u00e9, il nous a paru logique de reprendre l\u00e0 ou s\u2019arr\u00eatait la brochure r\u00e9alis\u00e9e en 1966 dans le cadre du 150<sup>e<\/sup> anniversaire par Andr\u00e9 et Henri Gremaud.<\/p>\n<h3>Le 150<sup>e<\/sup> anniversaire a \u00e9t\u00e9 c\u00e9l\u00e9br\u00e9 officiellement le samedi 29 octobre 1966.<\/h3>\n<p>Le programme des festivit\u00e9s \u00e9tait le suivant\u00a0:<\/p>\n<p style=\"padding-left: 60px;\">10h30\u00a0\u00a0\u00a0\u00a0\u00a0\u00a0\u00a0\u00a0\u00a0\u00a0\u00a0R\u00e9ception des invit\u00e9s au Cercle &#8211; Rue St-Pierre 24<\/p>\n<p>\u00a0\u00a0\u00a0\u00a0\u00a0\u00a0\u00a0\u00a0\u00a0\u00a0\u00a0\u00a0\u00a0\u00a0 10h45\u00a0\u00a0\u00a0\u00a0\u00a0\u00a0\u00a0\u00a0\u00a0\u00a0<strong>\u00a0CEREMONIE OFFICIELLE<\/strong><\/p>\n<p style=\"padding-left: 150px;\">avec la participation du groupe folklorique \u00ab\u00a0Mon Pays\u00a0\u00bb<\/p>\n<p style=\"padding-left: 120px;\">\u00a0\u00a0\u00a0\u00a0 <strong>Discours<\/strong>\u00a0:<\/p>\n<p style=\"padding-left: 120px;\">\u00a0\u00a0\u00a0\u00a0\u00a0\u00a0Monsieur Henri Bardy, d\u00e9put\u00e9,\u00a0 <em>Pr\u00e9sident du Cercle<\/em><em>\u00a0<\/em><\/p>\n<p style=\"padding-left: 120px;\">\u00a0\u00a0\u00a0\u00a0 Monsieur Paul Chaudet,\u00a0<em>Conseiller f\u00e9d\u00e9ral<\/em><em>\u00a0<\/em><\/p>\n<p style=\"padding-left: 60px;\">12h00\u00a0\u00a0\u00a0\u00a0\u00a0\u00a0\u00a0\u00a0\u00a0\u00a0<strong>Ap\u00e9ritif<\/strong> au restaurant \u00ab\u00a0Gambrinus\u00a0\u00bb<\/p>\n<p style=\"padding-left: 60px;\">12h30\u00a0\u00a0\u00a0\u00a0\u00a0\u00a0\u00a0\u00a0\u00a0\u00a0<strong>D\u00e9jeuner officiel<\/strong><\/p>\n<p style=\"padding-left: 60px;\">\u00a0\u00a0\u00a0\u00a0\u00a0\u00a0\u00a0\u00a0\u00a0\u00a0\u00a0\u00a0\u00a0\u00a0\u00a0\u00a0\u00a0\u00a0\u00a0\u00a0 productions du groupe choral folklorique \u00ab\u00a0Mon Pays\u00a0\u00bb<\/p>\n<p><em>L\u2019Ind\u00e9pendant<\/em>, journal lib\u00e9ral-radical de Fribourg, qui para\u00eet habituellement le mardi et le vendredi, consacre \u00e0 cet \u00e9v\u00e9nement un tirage sp\u00e9cial de huit pages, dat\u00e9 du jeudi 3 novembre 1966, dont nous avons pu obtenir une copie qui sera vers\u00e9e dans les archives du Cercle. Cette \u00e9dition revient abondamment sur la plaquette r\u00e9dig\u00e9e pour l\u2019occasion par MM. Andr\u00e9 Gremaud, professeur au Coll\u00e8ge St-Michel, et Henri Gremaud, conservateur du Mus\u00e9e gru\u00e9rien. Le journal en publie quelques extraits et ne manque pas de f\u00e9liciter \u00ab\u00a0chaleureusement le Cercle litt\u00e9raire et de commerce pour ses 150 ans d\u2019existence, pour la part active qu\u2019il a prise dans la vie de la cit\u00e9 et pour son action soutenue dans la d\u00e9fense de l\u2019id\u00e9al lib\u00e9ral en ville de Fribourg\u00a0\u00bb. Ce num\u00e9ro sp\u00e9cial consacre un article \u00e0 la c\u00e9l\u00e9bration du centenaire du Cercle et nous propose \u00e9galement un tableau complet des anciens pr\u00e9sidents, la liste des membres fondateurs, celle des locaux successifs du Cercle ainsi que celle des journaux auxquels celui-ci \u00e9tait abonn\u00e9 en 1838. On y trouve en outre la composition du comit\u00e9 du Cercle en 1966. Celui-ci est pr\u00e9sid\u00e9 par Henri Bardy (directeur de la Chambre fribourgeoise du commerce et de l\u2019industrie). Il est assist\u00e9 d\u2019un vice-pr\u00e9sident, Jean Bettin (directeur adjoint de la Banque Populaire Suisse), d\u2019un secr\u00e9taire, Paul Claraz (imprimeur-\u00e9diteur), d\u2019un caissier, Alphonse Magnin (secr\u00e9taire adjoint de la Chambre fribourgeoise du commerce et de l\u2019industrie) ainsi que d\u2019un adjoint, Georges Hogg (ing\u00e9nieur EPF).<\/p>\n<p>On peut \u00e9galement lire en premi\u00e8re page un article de Ren\u00e9 Vernaz sur les liens qui unissent le Cercle et le parti lib\u00e9ral-radical de la ville de Fribourg dont il assure la pr\u00e9sidence. Dans cet article, le pr\u00e9sident du Parti lib\u00e9ral-radical de la ville de Fribourg revient sur les origines du Cercle, soulignant que celui-ci, \u00ab\u00a0form\u00e9 de citoyens ind\u00e9pendants\u00a0\u00bb, a d\u00e9fendu les id\u00e9aux de la R\u00e9volution fran\u00e7aise et le principe de d\u00e9mocratie \u00e0 Fribourg. Ces citoyens se sont\u00a0dress\u00e9s contre l\u2019omnipotence des patriciens puis contre le conservatisme, ce qui n\u2019a gu\u00e8re \u00e9t\u00e9 une t\u00e2che ais\u00e9e dans la \u00ab\u00a0citadelle du catholicisme politique\u00a0\u00bb. Ren\u00e9 Vernaz se pla\u00eet toutefois \u00e0 relever que cette minorit\u00e9 a finalement eu raison et que ce sont les id\u00e9es lib\u00e9rales qui ont fini par s\u2019imposer. Il se pla\u00eet \u00e0 poser la question suivante\u00a0: \u00ab\u00a0Qui aujourd\u2019hui oserait s\u2019\u00e9lever contre la libert\u00e9 religieuse, contre la libert\u00e9 d\u2019association, contre la d\u00e9mocratie\u00a0?\u00a0\u00bb. Il insiste sur les liens forts qui existent entre son parti et le Cercle auquel \u00ab\u00a0le parti radical doit son existence\u00a0\u00bb dans la mesure o\u00f9 il lui a \u00ab\u00a0ouvert la voie\u00a0\u00bb. Il pr\u00e9cise bien le r\u00f4le jou\u00e9 par le Cercle quand il \u00e9crit\u00a0: \u00ab\u00a0Les hommes du Cercle litt\u00e9raire n\u2019ont pas voulu entrer directement dans l\u2019action politique, mais ils ont aid\u00e9 et soutenu le parti politique\u00a0\u00bb. Il exprime sa reconnaissance au Cercle dans le cadre de ce 150<sup>e<\/sup> anniversaire tout en se r\u00e9jouissant du fait que c\u2019est un syndic radical, Lucien Nussbaumer, qui va repr\u00e9senter la capitale \u00e0 la c\u00e9r\u00e9monie d\u2019anniversaire. Et il conclut en exprimant son souhait de voir la nouvelle loi sur l\u2019exercice des droits politiques donner \u00ab\u00a0enfin aux Fribourgeois des droits d\u00e9mocratiques complets\u00a0\u00bb ce qu\u2019il consid\u00e8re comme \u00ab\u00a0le plus beau cadeau que l\u2019on puisse faire \u00e0 des citoyens qui ont lutt\u00e9 sans r\u00e9pit pour la libert\u00e9 civique de leurs concitoyens\u00a0\u00bb.<\/p>\n<p>Un article est \u00e9galement consacr\u00e9 \u00e0 la f\u00eate proprement dite qui a \u00e9t\u00e9 selon <em>L\u2019Ind\u00e9pendant<\/em> \u00ab\u00a0r\u00e9ussie en tous points\u00a0\u00bb de sorte qu\u2019elle laissera aux participants \u00ab\u00a0un souvenir durable\u00a0\u00bb. Cet article nous permet de savoir qui \u00e9taient les principaux invit\u00e9s en dehors du plus illustre d\u2019entre eux, le Conseiller f\u00e9d\u00e9ral Paul Chaudet. D\u2019autres personnalit\u00e9s ont honor\u00e9 cet anniversaire de leur pr\u00e9sence\u00a0: les Conseillers nationaux Pierre Glasson et G\u00e9rard Glasson, les Conseillers d\u2019Etat Emile Zehnder et Paul Genoud, le syndic de Fribourg Lucien Nussbaumer ainsi que son coll\u00e8gue du Conseil communal Ferdinand Masset, le colonel divisionnaire Roch de Diesbach. Des cercles amis ont pour leur part envoy\u00e9 des d\u00e9l\u00e9gu\u00e9s \u00e0 cette f\u00eate. Parmi ces cercles, on peut citer le \u00ab\u00a0Cercle du Sapin\u00a0\u00bb de la Chaux-de-Fonds, le \u00ab\u00a0Cercle de l\u2019Union\u00a0\u00bb de Fribourg et le \u00ab\u00a0Cercle des Arts et m\u00e9tiers\u00a0\u00bb de Bulle. On apprend \u00e9galement que le caissier Alphonse Magnin a fonctionn\u00e9 comme \u00ab\u00a0grand ordonnateur des festivit\u00e9s\u00a0\u00bb et comme \u00ab\u00a0major de table\u00a0\u00bb. Quant \u00e0 l\u2019ambiance, elle s\u2019est av\u00e9r\u00e9e \u00ab\u00a0des plus amicales\u00a0\u00bb.<\/p>\n<p>&nbsp;<\/p>\n<p>Le discours de Paul Chaudet figure dans les archives du Cercle, dans une version qui s\u2019est d\u00e9grad\u00e9e mais qui demeure encore lisible. Il a ainsi pu \u00eatre retranscrit (voir la rubrique <em>Sources<\/em>). On peut \u00e9galement le retrouver, dans sa quasi int\u00e9gralit\u00e9, dans le num\u00e9ro sp\u00e9cial de <em>L\u2019Ind\u00e9pendant<\/em> du 3 novembre 1966. Dans ce m\u00eame num\u00e9ro figure aussi le discours du Pr\u00e9sident du Cercle, Henri Bardy qui a \u00e9t\u00e9 prononc\u00e9, si l\u2019on en croit le programme ci-dessus, avant celui du Conseiller f\u00e9d\u00e9ral (voir la rubrique <em>Sources<\/em>).<\/p>\n<p>Ces longs discours avaient sans doute creus\u00e9 un peu l\u2019app\u00e9tit des convives qui eurent ensuite droit au menu ci-apr\u00e8s que nous avons retrouv\u00e9 dans les archives du Cercle\u00a0:<\/p>\n<p><img loading=\"lazy\" decoding=\"async\" class=\"aligncenter wp-image-194 size-large\" src=\"https:\/\/cercle-lc.ch\/wordpress\/wp-content\/uploads\/2016\/09\/150e-menu-du-Gambrinus-1-1024x453.jpg\" alt=\"\" width=\"1024\" height=\"453\" srcset=\"https:\/\/cercle-lc.ch\/wordpress\/wp-content\/uploads\/2016\/09\/150e-menu-du-Gambrinus-1-1024x453.jpg 1024w, https:\/\/cercle-lc.ch\/wordpress\/wp-content\/uploads\/2016\/09\/150e-menu-du-Gambrinus-1-300x133.jpg 300w, https:\/\/cercle-lc.ch\/wordpress\/wp-content\/uploads\/2016\/09\/150e-menu-du-Gambrinus-1-768x339.jpg 768w\" sizes=\"auto, (max-width: 1024px) 100vw, 1024px\" \/><\/p>\n","protected":false},"excerpt":{"rendered":"<p>En vertu de la mission qui nous a \u00e9t\u00e9 confi\u00e9, il nous a paru logique de reprendre l\u00e0 ou s\u2019arr\u00eatait la brochure r\u00e9alis\u00e9e en 1966 dans le cadre du 150e anniversaire par Andr\u00e9 et Henri Gremaud. Le 150e anniversaire a \u00e9t\u00e9 c\u00e9l\u00e9br\u00e9 officiellement le samedi 29 octobre 1966. Le programme des festivit\u00e9s \u00e9tait le suivant\u00a0: [&hellip;]<\/p>\n","protected":false},"author":1,"featured_media":0,"parent":21,"menu_order":0,"comment_status":"closed","ping_status":"closed","template":"page-fullwidth.php","meta":{"footnotes":""},"class_list":["post-33","page","type-page","status-publish","hentry"],"_links":{"self":[{"href":"https:\/\/cercle-lc.ch\/wordpress\/wp-json\/wp\/v2\/pages\/33","targetHints":{"allow":["GET"]}}],"collection":[{"href":"https:\/\/cercle-lc.ch\/wordpress\/wp-json\/wp\/v2\/pages"}],"about":[{"href":"https:\/\/cercle-lc.ch\/wordpress\/wp-json\/wp\/v2\/types\/page"}],"author":[{"embeddable":true,"href":"https:\/\/cercle-lc.ch\/wordpress\/wp-json\/wp\/v2\/users\/1"}],"replies":[{"embeddable":true,"href":"https:\/\/cercle-lc.ch\/wordpress\/wp-json\/wp\/v2\/comments?post=33"}],"version-history":[{"count":6,"href":"https:\/\/cercle-lc.ch\/wordpress\/wp-json\/wp\/v2\/pages\/33\/revisions"}],"predecessor-version":[{"id":197,"href":"https:\/\/cercle-lc.ch\/wordpress\/wp-json\/wp\/v2\/pages\/33\/revisions\/197"}],"up":[{"embeddable":true,"href":"https:\/\/cercle-lc.ch\/wordpress\/wp-json\/wp\/v2\/pages\/21"}],"wp:attachment":[{"href":"https:\/\/cercle-lc.ch\/wordpress\/wp-json\/wp\/v2\/media?parent=33"}],"curies":[{"name":"wp","href":"https:\/\/api.w.org\/{rel}","templated":true}]}}

<p>En vertu de la mission qui nous a été confié, il nous a paru logique de reprendre là ou s’arrêtait la brochure réalisée en 1966 dans le cadre du 150<sup>e</sup> anniversaire par André et Henri Gremaud.</p>
<h3>Le 150<sup>e</sup> anniversaire a été célébré officiellement le samedi 29 octobre 1966.</h3>
<p>Le programme des festivités était le suivant :</p>
<p style="padding-left: 60px;">10h30           Réception des invités au Cercle &#8211; Rue St-Pierre 24</p>
<p>               10h45          <strong> CEREMONIE OFFICIELLE</strong></p>
<p style="padding-left: 150px;">avec la participation du groupe folklorique « Mon Pays »</p>
<p style="padding-left: 120px;">     <strong>Discours</strong> :</p>
<p style="padding-left: 120px;">      Monsieur Henri Bardy, député,  <em>Président du Cercle</em><em> </em></p>
<p style="padding-left: 120px;">     Monsieur Paul Chaudet, <em>Conseiller fédéral</em><em> </em></p>
<p style="padding-left: 60px;">12h00          <strong>Apéritif</strong> au restaurant « Gambrinus »</p>
<p style="padding-left: 60px;">12h30          <strong>Déjeuner officiel</strong></p>
<p style="padding-left: 60px;">                     productions du groupe choral folklorique « Mon Pays »</p>
<p><em>L’Indépendant</em>, journal libéral-radical de Fribourg, qui paraît habituellement le mardi et le vendredi, consacre à cet événement un tirage spécial de huit pages, daté du jeudi 3 novembre 1966, dont nous avons pu obtenir une copie qui sera versée dans les archives du Cercle. Cette édition revient abondamment sur la plaquette rédigée pour l’occasion par MM. André Gremaud, professeur au Collège St-Michel, et Henri Gremaud, conservateur du Musée gruérien. Le journal en publie quelques extraits et ne manque pas de féliciter « chaleureusement le Cercle littéraire et de commerce pour ses 150 ans d’existence, pour la part active qu’il a prise dans la vie de la cité et pour son action soutenue dans la défense de l’idéal libéral en ville de Fribourg ». Ce numéro spécial consacre un article à la célébration du centenaire du Cercle et nous propose également un tableau complet des anciens présidents, la liste des membres fondateurs, celle des locaux successifs du Cercle ainsi que celle des journaux auxquels celui-ci était abonné en 1838. On y trouve en outre la composition du comité du Cercle en 1966. Celui-ci est présidé par Henri Bardy (directeur de la Chambre fribourgeoise du commerce et de l’industrie). Il est assisté d’un vice-président, Jean Bettin (directeur adjoint de la Banque Populaire Suisse), d’un secrétaire, Paul Claraz (imprimeur-éditeur), d’un caissier, Alphonse Magnin (secrétaire adjoint de la Chambre fribourgeoise du commerce et de l’industrie) ainsi que d’un adjoint, Georges Hogg (ingénieur EPF).</p>
<p>On peut également lire en première page un article de René Vernaz sur les liens qui unissent le Cercle et le parti libéral-radical de la ville de Fribourg dont il assure la présidence. Dans cet article, le président du Parti libéral-radical de la ville de Fribourg revient sur les origines du Cercle, soulignant que celui-ci, « formé de citoyens indépendants », a défendu les idéaux de la Révolution française et le principe de démocratie à Fribourg. Ces citoyens se sont dressés contre l’omnipotence des patriciens puis contre le conservatisme, ce qui n’a guère été une tâche aisée dans la « citadelle du catholicisme politique ». René Vernaz se plaît toutefois à relever que cette minorité a finalement eu raison et que ce sont les idées libérales qui ont fini par s’imposer. Il se plaît à poser la question suivante : « Qui aujourd’hui oserait s’élever contre la liberté religieuse, contre la liberté d’association, contre la démocratie ? ». Il insiste sur les liens forts qui existent entre son parti et le Cercle auquel « le parti radical doit son existence » dans la mesure où il lui a « ouvert la voie ». Il précise bien le rôle joué par le Cercle quand il écrit : « Les hommes du Cercle littéraire n’ont pas voulu entrer directement dans l’action politique, mais ils ont aidé et soutenu le parti politique ». Il exprime sa reconnaissance au Cercle dans le cadre de ce 150<sup>e</sup> anniversaire tout en se réjouissant du fait que c’est un syndic radical, Lucien Nussbaumer, qui va représenter la capitale à la cérémonie d’anniversaire. Et il conclut en exprimant son souhait de voir la nouvelle loi sur l’exercice des droits politiques donner « enfin aux Fribourgeois des droits démocratiques complets » ce qu’il considère comme « le plus beau cadeau que l’on puisse faire à des citoyens qui ont lutté sans répit pour la liberté civique de leurs concitoyens ».</p>
<p>Un article est également consacré à la fête proprement dite qui a été selon <em>L’Indépendant</em> « réussie en tous points » de sorte qu’elle laissera aux participants « un souvenir durable ». Cet article nous permet de savoir qui étaient les principaux invités en dehors du plus illustre d’entre eux, le Conseiller fédéral Paul Chaudet. D’autres personnalités ont honoré cet anniversaire de leur présence : les Conseillers nationaux Pierre Glasson et Gérard Glasson, les Conseillers d’Etat Emile Zehnder et Paul Genoud, le syndic de Fribourg Lucien Nussbaumer ainsi que son collègue du Conseil communal Ferdinand Masset, le colonel divisionnaire Roch de Diesbach. Des cercles amis ont pour leur part envoyé des délégués à cette fête. Parmi ces cercles, on peut citer le « Cercle du Sapin » de la Chaux-de-Fonds, le « Cercle de l’Union » de Fribourg et le « Cercle des Arts et métiers » de Bulle. On apprend également que le caissier Alphonse Magnin a fonctionné comme « grand ordonnateur des festivités » et comme « major de table ». Quant à l’ambiance, elle s’est avérée « des plus amicales ».</p>
<p>&nbsp;</p>
<p>Le discours de Paul Chaudet figure dans les archives du Cercle, dans une version qui s’est dégradée mais qui demeure encore lisible. Il a ainsi pu être retranscrit (voir la rubrique <em>Sources</em>). On peut également le retrouver, dans sa quasi intégralité, dans le numéro spécial de <em>L’Indépendant</em> du 3 novembre 1966. Dans ce même numéro figure aussi le discours du Président du Cercle, Henri Bardy qui a été prononcé, si l’on en croit le programme ci-dessus, avant celui du Conseiller fédéral (voir la rubrique <em>Sources</em>).</p>
<p>Ces longs discours avaient sans doute creusé un peu l’appétit des convives qui eurent ensuite droit au menu ci-après que nous avons retrouvé dans les archives du Cercle :</p>
<p><img loading="lazy" decoding="async" class="aligncenter wp-image-194 size-large" src="https://cercle-lc.ch/wordpress/wp-content/uploads/2016/09/150e-menu-du-Gambrinus-1-1024x453.jpg" alt="" width="1024" height="453" srcset="https://cercle-lc.ch/wordpress/wp-content/uploads/2016/09/150e-menu-du-Gambrinus-1-1024x453.jpg 1024w, https://cercle-lc.ch/wordpress/wp-content/uploads/2016/09/150e-menu-du-Gambrinus-1-300x133.jpg 300w, https://cercle-lc.ch/wordpress/wp-content/uploads/2016/09/150e-menu-du-Gambrinus-1-768x339.jpg 768w" sizes="auto, (max-width: 1024px) 100vw, 1024px" /></p>

<p>En vertu de la mission qui nous a été confié, il nous a paru logique de reprendre là ou s’arrêtait la brochure réalisée en 1966 dans le cadre du 150e anniversaire par André et Henri Gremaud. Le 150e anniversaire a été célébré officiellement le samedi 29 octobre 1966. Le programme des festivités était le suivant : [&hellip;]</p>
