{"id":369,"date":"2018-11-15T12:19:52","date_gmt":"2018-11-15T10:19:52","guid":{"rendered":"http:\/\/www.cercle-lc.ch\/?page_id=369"},"modified":"2018-11-15T12:19:52","modified_gmt":"2018-11-15T10:19:52","slug":"le-temps-de-guerre-1914-1918","status":"publish","type":"page","link":"https:\/\/cercle-lc.ch\/wordpress\/le-temps-de-guerre-1914-1918\/","title":{"rendered":"Le temps de guerre: 1914 &#8211; 1918"},"content":{"rendered":"<p>Une c\u00e9l\u00e9bration de l&rsquo;amiti\u00e9 conf\u00e9d\u00e9rale encore : en mai 1914, Fribourg se rend \u00e0 Gen\u00e8ve pour comm\u00e9morer l&rsquo;arriv\u00e9e, un si\u00e8cle plus t\u00f4t, des Suisses au Port-Noir. Le Cercle s&rsquo;associe \u00e0 la mise sur pied du Contingent fribourgeois.<\/p>\n<p>Le coup de tonnerre de la guerre \u00e9clate le 1<sup>er<\/sup> ao\u00fbt. Il y a trois mois que le Cercle a f\u00eat\u00e9 son Centenaire. On \u00e9tablit un nouveau r\u00e8glement. Seuls les membres seront admis apr\u00e8s dix heures du soir ; la fermeture s&rsquo;op\u00e8re \u00e0 1 h. du matin, sauf les samedi et dimanche, o\u00f9 l&rsquo;on pourra demeurer jusqu&rsquo;\u00e0 deux heures.<\/p>\n<p>Est-ce l&rsquo;atmosph\u00e8re de guerre, les pr\u00e9occupations dues au conflit ? Le 22 f\u00e9vrier 1915 para\u00eet une circulaire d\u00e9sabus\u00e9e. On y constate que des membres influents se distancent : \u00ab Le centenaire, \u00e0 la c\u00e9l\u00e9bration duquel nous avons vou\u00e9 tous nos soins, n&rsquo;a pas eu de lendemain \u00bb. Cependant, le 31 mai 1915 a lieu dans les locaux du Cercle une conf\u00e9rence de l&rsquo;ancien pr\u00e9sident de la Conf\u00e9d\u00e9ration Robert Comtesse sur \u00ab L&rsquo;imp\u00f4t de guerre \u00bb. On se pr\u00e9occupe de la biblioth\u00e8que, vieillie et pas assez fr\u00e9quent\u00e9e, pour la rajeunir. Et l&rsquo;on fait m\u00eame une d\u00e9marche aupr\u00e8s d&rsquo;un Fribourgeois dont l&rsquo;\u00e9toile monte \u00e0 Paris, sollicitant des livres \u00e0 l&rsquo;\u00e9crivain et publiciste Victor Tissot.<a href=\"https:\/\/cercle-lc.ch\/wordpress\/wp-admin\/post-new.php?post_type=page#_ftn1\" name=\"_ftnref1\">[1]<\/a><\/p>\n<p>On se trompait en \u00e9crivant que les f\u00eates du centenaire, en 1914, n&rsquo;avaient pas de lendemain. On en veut pour preuve que le comit\u00e9 se r\u00e9unissait, le 8 novembre 1916, pour c\u00e9l\u00e9brer la date pr\u00e9cise o\u00f9 fut fond\u00e9 le Cercle litt\u00e9raire et de commerce. Le proc\u00e8s-verbal vaut d&rsquo;\u00eatre cit\u00e9 :<\/p>\n<p><em>S\u00e9ance du Comit\u00e9 du <\/em><em>8 novembre 1916,\u00a0<\/em><em>jour anniversaire du Centenaire de la Fondation du Cercle<\/em><\/p>\n<p><em>\u00a0<\/em><em>Les membres du comit\u00e9 en fonction ont \u00e0 c\u0153ur de se r\u00e9unir \u2014 en m\u00eame temps que pour prendre certaines d\u00e9cisions administratives \u2014 pour f\u00eater en commun le jour pr\u00e9cis o\u00f9, il y a 100 ans, nos pr\u00e9d\u00e9cesseurs ont d\u00e9cid\u00e9 la fondation du Cercle litt\u00e9raire et de commerce. On se souvient qu&rsquo;il y a deux ans, le 19 avril 1914, le Cercle avait d\u00e9j\u00e0 f\u00eat\u00e9 solennellement par un banquet le centenaire de son existence, mais ce n&rsquo;est que pendant les travaux d&rsquo;organisation de cette f\u00eate que la date exacte \u2014 8 novembre 1816 \u2014 de la fondation avait \u00e9t\u00e9 d\u00e9couverte par le Pr\u00e9sident en charge M. le Dr E. Dupraz (voir fin du Registre des Protocoles No II). Il convenait donc de donner \u00e0 nos anc\u00eatres de 1816 une pens\u00e9e et un t\u00e9moignage de gratitude en c\u00e9l\u00e9brant en petit comit\u00e9 ce jour m\u00e9morable et en lisant les noms des fondateurs de notre cher Cercle. Puissent ceux des membres du Cercle qui c\u00e9l\u00e8breront le deuxi\u00e8me centenaire en 2016 joindre dans une m\u00eame pens\u00e9e les initiateurs de 1816 et leurs continuateurs de 1916, tous d\u00e9fenseurs des id\u00e9es de d\u00e9mocratie et de libert\u00e9. <\/em><\/p>\n<p><em>Fribourg, le 8 novembre 1916 : <\/em><\/p>\n<p><em>Le comit\u00e9 :<\/em><\/p>\n<p><em>Arthur Blanc, pr\u00e9sident \u00a0\u00a0\u00a0\u00a0\u00a0\u00a0\u00a0\u00a0\u00a0\u00a0\u00a0\u00a0\u00a0\u00a0\u00a0\u00a0\u00a0\u00a0\u00a0\u00a0E. Pauchard, caissier<\/em><\/p>\n<p><em>Dr E. Dupraz, vice-pr\u00e9sident \u00a0\u00a0\u00a0\u00a0\u00a0\u00a0\u00a0\u00a0\u00a0\u00a0\u00a0\u00a0\u00a0\u00a0\u00a0\u00a0\u00a0\u00a0\u00a0\u00a0\u00a0Fritz Liniger, inspecteur <\/em><\/p>\n<p><em>Ch.-E. Ochsenbein, secr\u00e9taire<\/em><\/p>\n<p>La guerre se poursuit. Le Cercle est ouvert aux officiers de l&rsquo;arm\u00e9e suisse. Les dispositions restrictives des d\u00e9buts se sont assouplies. Les samedis et veilles de f\u00eate, la fermeture du Cercle s&rsquo;op\u00e8re \u00e0 3 h. du matin, les dimanches et jours f\u00e9ri\u00e9s \u00e0 2 h. et les autres jours \u00e0 1 h. Cet horaire est pr\u00e9cis\u00e9 dans l&rsquo;article 3 des statuts modifi\u00e9s le 4 mars 1917. Il s&rsquo;agit de lutter contre les \u00ab pedzeurs trop z\u00e9l\u00e9s \u00bb.<\/p>\n<p>Cependant l&rsquo;autorit\u00e9 r\u00e9agit, de son c\u00f4t\u00e9 d&rsquo;une mani\u00e8re plus draconienne. \u00ab Le gouvernement veut nous obliger \u00e0 fer<em>me<\/em>r le Cercle \u00e0 10 h. du soir ! \u00bb proteste-t-on.<a href=\"https:\/\/cercle-lc.ch\/wordpress\/wp-admin\/post-new.php?post_type=page#_ftn2\" name=\"_ftnref2\">[2]<\/a> Les dispositions f\u00e9d\u00e9rales en la mati\u00e8re, l&rsquo;optique cantonale, le r\u00e9gime particulier des Cercles vont provoquer un malentendu qui ira s&rsquo;exacerbant. On en verra particuli\u00e8rement les effets en 1919.<\/p>\n<p>La mort frappe, et le Cercle est douloureusement \u00e9prouv\u00e9. Le 11 septembre, le Lt.-col. Eug\u00e8ne Vicarino, qui fut pr\u00e9sident de 1917 \u00e0 1919, est atteint \u00e0 la fronti\u00e8re d&rsquo;un \u00e9clat de grenade. Puis ce sont les heures tragiques de 1918. Le R\u00e9giment fribourgeois est mobilis\u00e9, cependant que la grippe moissonne. Le Cercle fait tenir une adresse au Commandant du R\u00e9giment.<\/p>\n<p>Les heures douloureuses de la gr\u00e8ve g\u00e9n\u00e9rale ont des r\u00e9percussions dans la vie du Cercle. Elles vont conduire \u00e0 la d\u00e9mission de quatorze membres, m\u00e9caniciens, chauffeurs et ouvriers des CFF, qui ont suivi l&rsquo;ordre de gr\u00e8ve et se trouvent d\u00e9savou\u00e9s.<a href=\"https:\/\/cercle-lc.ch\/wordpress\/wp-admin\/post-new.php?post_type=page#_ftn3\" name=\"_ftnref3\">[3]<\/a><\/p>\n<p>Selon sa vocation, le Cercle s&rsquo;est ouvert aux officiers intern\u00e9s. Dans un t\u00e9moignage spontan\u00e9, le capitaine fran\u00e7ais Bongar\u00e7on exprime sa gratitude pour l&rsquo;accueil fraternel qui lui fut r\u00e9serv\u00e9.<\/p>\n<p>Apr\u00e8s les jours noirs, l&rsquo;aube s&rsquo;annonce. Le R\u00e9giment 7, son devoir accompli, rentre dans ses foyers. Son commandant, le Lt.-col. Roger de Diesbach, en date du 5 janvier 1919, envoie un t\u00e9l\u00e9gramme :<\/p>\n<p><em>Le r\u00e9giment tout \u00e0 la joie du retour remercie le Cercle litt\u00e9raire et de commerce de sa sympathie&#8230;<\/em><\/p>\n<p><a href=\"https:\/\/cercle-lc.ch\/wordpress\/wp-admin\/post-new.php?post_type=page#_ftnref1\" name=\"_ftn1\">[1]<\/a> Protocole du 8 septembre 1916<\/p>\n<p><a href=\"https:\/\/cercle-lc.ch\/wordpress\/wp-admin\/post-new.php?post_type=page#_ftnref2\" name=\"_ftn2\">[2]<\/a> Protocole du 11 novembre 1917<\/p>\n<p><a href=\"https:\/\/cercle-lc.ch\/wordpress\/wp-admin\/post-new.php?post_type=page#_ftnref3\" name=\"_ftn3\">[3]<\/a> Lettre du 7 d\u00e9cembre 1918 annex\u00e9e au protocole de l&rsquo;assembl\u00e9e g\u00e9n\u00e9rale du 22 d\u00e9cembre 1918<\/p>\n","protected":false},"excerpt":{"rendered":"<p>Une c\u00e9l\u00e9bration de l&rsquo;amiti\u00e9 conf\u00e9d\u00e9rale encore : en mai 1914, Fribourg se rend \u00e0 Gen\u00e8ve pour comm\u00e9morer l&rsquo;arriv\u00e9e, un si\u00e8cle plus t\u00f4t, des Suisses au Port-Noir. Le Cercle s&rsquo;associe \u00e0 la mise sur pied du Contingent fribourgeois. Le coup de tonnerre de la guerre \u00e9clate le 1er ao\u00fbt. Il y a trois mois que le [&hellip;]<\/p>\n","protected":false},"author":1,"featured_media":0,"parent":0,"menu_order":0,"comment_status":"closed","ping_status":"closed","template":"","meta":{"footnotes":""},"class_list":["post-369","page","type-page","status-publish","hentry"],"_links":{"self":[{"href":"https:\/\/cercle-lc.ch\/wordpress\/wp-json\/wp\/v2\/pages\/369","targetHints":{"allow":["GET"]}}],"collection":[{"href":"https:\/\/cercle-lc.ch\/wordpress\/wp-json\/wp\/v2\/pages"}],"about":[{"href":"https:\/\/cercle-lc.ch\/wordpress\/wp-json\/wp\/v2\/types\/page"}],"author":[{"embeddable":true,"href":"https:\/\/cercle-lc.ch\/wordpress\/wp-json\/wp\/v2\/users\/1"}],"replies":[{"embeddable":true,"href":"https:\/\/cercle-lc.ch\/wordpress\/wp-json\/wp\/v2\/comments?post=369"}],"version-history":[{"count":1,"href":"https:\/\/cercle-lc.ch\/wordpress\/wp-json\/wp\/v2\/pages\/369\/revisions"}],"predecessor-version":[{"id":371,"href":"https:\/\/cercle-lc.ch\/wordpress\/wp-json\/wp\/v2\/pages\/369\/revisions\/371"}],"wp:attachment":[{"href":"https:\/\/cercle-lc.ch\/wordpress\/wp-json\/wp\/v2\/media?parent=369"}],"curies":[{"name":"wp","href":"https:\/\/api.w.org\/{rel}","templated":true}]}}

<p>Une célébration de l&rsquo;amitié confédérale encore : en mai 1914, Fribourg se rend à Genève pour commémorer l&rsquo;arrivée, un siècle plus tôt, des Suisses au Port-Noir. Le Cercle s&rsquo;associe à la mise sur pied du Contingent fribourgeois.</p>
<p>Le coup de tonnerre de la guerre éclate le 1<sup>er</sup> août. Il y a trois mois que le Cercle a fêté son Centenaire. On établit un nouveau règlement. Seuls les membres seront admis après dix heures du soir ; la fermeture s&rsquo;opère à 1 h. du matin, sauf les samedi et dimanche, où l&rsquo;on pourra demeurer jusqu&rsquo;à deux heures.</p>
<p>Est-ce l&rsquo;atmosphère de guerre, les préoccupations dues au conflit ? Le 22 février 1915 paraît une circulaire désabusée. On y constate que des membres influents se distancent : « Le centenaire, à la célébration duquel nous avons voué tous nos soins, n&rsquo;a pas eu de lendemain ». Cependant, le 31 mai 1915 a lieu dans les locaux du Cercle une conférence de l&rsquo;ancien président de la Confédération Robert Comtesse sur « L&rsquo;impôt de guerre ». On se préoccupe de la bibliothèque, vieillie et pas assez fréquentée, pour la rajeunir. Et l&rsquo;on fait même une démarche auprès d&rsquo;un Fribourgeois dont l&rsquo;étoile monte à Paris, sollicitant des livres à l&rsquo;écrivain et publiciste Victor Tissot.<a href="https://cercle-lc.ch/wordpress/wp-admin/post-new.php?post_type=page#_ftn1" name="_ftnref1">[1]</a></p>
<p>On se trompait en écrivant que les fêtes du centenaire, en 1914, n&rsquo;avaient pas de lendemain. On en veut pour preuve que le comité se réunissait, le 8 novembre 1916, pour célébrer la date précise où fut fondé le Cercle littéraire et de commerce. Le procès-verbal vaut d&rsquo;être cité :</p>
<p><em>Séance du Comité du </em><em>8 novembre 1916, </em><em>jour anniversaire du Centenaire de la Fondation du Cercle</em></p>
<p><em> </em><em>Les membres du comité en fonction ont à cœur de se réunir — en même temps que pour prendre certaines décisions administratives — pour fêter en commun le jour précis où, il y a 100 ans, nos prédécesseurs ont décidé la fondation du Cercle littéraire et de commerce. On se souvient qu&rsquo;il y a deux ans, le 19 avril 1914, le Cercle avait déjà fêté solennellement par un banquet le centenaire de son existence, mais ce n&rsquo;est que pendant les travaux d&rsquo;organisation de cette fête que la date exacte — 8 novembre 1816 — de la fondation avait été découverte par le Président en charge M. le Dr E. Dupraz (voir fin du Registre des Protocoles No II). Il convenait donc de donner à nos ancêtres de 1816 une pensée et un témoignage de gratitude en célébrant en petit comité ce jour mémorable et en lisant les noms des fondateurs de notre cher Cercle. Puissent ceux des membres du Cercle qui célèbreront le deuxième centenaire en 2016 joindre dans une même pensée les initiateurs de 1816 et leurs continuateurs de 1916, tous défenseurs des idées de démocratie et de liberté. </em></p>
<p><em>Fribourg, le 8 novembre 1916 : </em></p>
<p><em>Le comité :</em></p>
<p><em>Arthur Blanc, président                     E. Pauchard, caissier</em></p>
<p><em>Dr E. Dupraz, vice-président                      Fritz Liniger, inspecteur </em></p>
<p><em>Ch.-E. Ochsenbein, secrétaire</em></p>
<p>La guerre se poursuit. Le Cercle est ouvert aux officiers de l&rsquo;armée suisse. Les dispositions restrictives des débuts se sont assouplies. Les samedis et veilles de fête, la fermeture du Cercle s&rsquo;opère à 3 h. du matin, les dimanches et jours fériés à 2 h. et les autres jours à 1 h. Cet horaire est précisé dans l&rsquo;article 3 des statuts modifiés le 4 mars 1917. Il s&rsquo;agit de lutter contre les « pedzeurs trop zélés ».</p>
<p>Cependant l&rsquo;autorité réagit, de son côté d&rsquo;une manière plus draconienne. « Le gouvernement veut nous obliger à fer<em>me</em>r le Cercle à 10 h. du soir ! » proteste-t-on.<a href="https://cercle-lc.ch/wordpress/wp-admin/post-new.php?post_type=page#_ftn2" name="_ftnref2">[2]</a> Les dispositions fédérales en la matière, l&rsquo;optique cantonale, le régime particulier des Cercles vont provoquer un malentendu qui ira s&rsquo;exacerbant. On en verra particulièrement les effets en 1919.</p>
<p>La mort frappe, et le Cercle est douloureusement éprouvé. Le 11 septembre, le Lt.-col. Eugène Vicarino, qui fut président de 1917 à 1919, est atteint à la frontière d&rsquo;un éclat de grenade. Puis ce sont les heures tragiques de 1918. Le Régiment fribourgeois est mobilisé, cependant que la grippe moissonne. Le Cercle fait tenir une adresse au Commandant du Régiment.</p>
<p>Les heures douloureuses de la grève générale ont des répercussions dans la vie du Cercle. Elles vont conduire à la démission de quatorze membres, mécaniciens, chauffeurs et ouvriers des CFF, qui ont suivi l&rsquo;ordre de grève et se trouvent désavoués.<a href="https://cercle-lc.ch/wordpress/wp-admin/post-new.php?post_type=page#_ftn3" name="_ftnref3">[3]</a></p>
<p>Selon sa vocation, le Cercle s&rsquo;est ouvert aux officiers internés. Dans un témoignage spontané, le capitaine français Bongarçon exprime sa gratitude pour l&rsquo;accueil fraternel qui lui fut réservé.</p>
<p>Après les jours noirs, l&rsquo;aube s&rsquo;annonce. Le Régiment 7, son devoir accompli, rentre dans ses foyers. Son commandant, le Lt.-col. Roger de Diesbach, en date du 5 janvier 1919, envoie un télégramme :</p>
<p><em>Le régiment tout à la joie du retour remercie le Cercle littéraire et de commerce de sa sympathie&#8230;</em></p>
<p><a href="https://cercle-lc.ch/wordpress/wp-admin/post-new.php?post_type=page#_ftnref1" name="_ftn1">[1]</a> Protocole du 8 septembre 1916</p>
<p><a href="https://cercle-lc.ch/wordpress/wp-admin/post-new.php?post_type=page#_ftnref2" name="_ftn2">[2]</a> Protocole du 11 novembre 1917</p>
<p><a href="https://cercle-lc.ch/wordpress/wp-admin/post-new.php?post_type=page#_ftnref3" name="_ftn3">[3]</a> Lettre du 7 décembre 1918 annexée au protocole de l&rsquo;assemblée générale du 22 décembre 1918</p>

<p>Une célébration de l&rsquo;amitié confédérale encore : en mai 1914, Fribourg se rend à Genève pour commémorer l&rsquo;arrivée, un siècle plus tôt, des Suisses au Port-Noir. Le Cercle s&rsquo;associe à la mise sur pied du Contingent fribourgeois. Le coup de tonnerre de la guerre éclate le 1er août. Il y a trois mois que le [&hellip;]</p>
