{"id":373,"date":"2018-11-15T12:22:46","date_gmt":"2018-11-15T10:22:46","guid":{"rendered":"http:\/\/www.cercle-lc.ch\/?page_id=373"},"modified":"2018-11-15T12:22:46","modified_gmt":"2018-11-15T10:22:46","slug":"la-paix-de-1919","status":"publish","type":"page","link":"https:\/\/cercle-lc.ch\/wordpress\/la-paix-de-1919\/","title":{"rendered":"La paix de 1919"},"content":{"rendered":"<p>Un immense soulagement a pass\u00e9 sur le pays. Viennent les heures de l&rsquo;espoir. La paix est sign\u00e9e \u00e0 Versailles. Le jour m\u00eame, pour la c\u00e9l\u00e9brer, le Cercle convoque une assembl\u00e9e g\u00e9n\u00e9rale. Nous sommes le 28 juin 1919. On croit \u00e0 un avenir d&rsquo;o\u00f9 seront bannis les errements qui ont d\u00e9chir\u00e9 le monde. Un ordre du jour est sign\u00e9 par tous les assistants :<\/p>\n<p><em>La Paix, attendue depuis pr\u00e8s de cinq ans par le monde entier, a \u00e9t\u00e9 sign\u00e9e \u00e0 Versailles aujourd&rsquo;hui. La Suisse, si elle a eu le bonheur de rester hors de la tourmente, a n\u00e9anmoins \u00e9t\u00e9 soumise \u00e0 toutes sortes de privations, et c&rsquo;est avec joie que notre ch\u00e8re petite patrie voit sonner l&rsquo;heure de 1a paix; notre population de Fribourg n&rsquo;a jamais craint de manifester hautement ses sentiments de sympathie pour ceux des bellig\u00e9rants qui ont \u00e9t\u00e9 victimes de la plus grande agression de l&rsquo;histoire et qui virent leur sol envahi, pour ceux qui d\u00e9fendaient le Droit, la Justice, la Lib\u00e9ration des peuples opprim\u00e9s, 1a Civilisation et qui, en m\u00eame temps s&rsquo;\u00e9taient fait les champions des principes de D\u00e9mocratie si chers \u00e0 tous c\u0153urs helv\u00e9tique contre le Despotisme et l&rsquo;Autocratie \u00e0 Fribourg et particuli\u00e8rement dans notre Cercle litt\u00e9raire et de commerce nous sommes toujours rest\u00e9s fid\u00e8les \u00e0 nos grandes id\u00e9es de Libert\u00e9 et d&rsquo;Ind\u00e9pendance nationale qui ont donn\u00e9 naissance \u2014 il y a plus d&rsquo;un si\u00e8cle \u2014 \u00e0 notre association patriotique. C&rsquo;est dans ces sentiments que<\/em> <em>l&rsquo;assembl\u00e9e de ce jour a \u00e9t\u00e9 r\u00e9unie et qu&rsquo;elle acclame, avec la Paix, la victoire de la Civilisation.<\/em><\/p>\n","protected":false},"excerpt":{"rendered":"<p>Un immense soulagement a pass\u00e9 sur le pays. Viennent les heures de l&rsquo;espoir. La paix est sign\u00e9e \u00e0 Versailles. Le jour m\u00eame, pour la c\u00e9l\u00e9brer, le Cercle convoque une assembl\u00e9e g\u00e9n\u00e9rale. Nous sommes le 28 juin 1919. On croit \u00e0 un avenir d&rsquo;o\u00f9 seront bannis les errements qui ont d\u00e9chir\u00e9 le monde. Un ordre du [&hellip;]<\/p>\n","protected":false},"author":1,"featured_media":0,"parent":0,"menu_order":0,"comment_status":"closed","ping_status":"closed","template":"","meta":{"footnotes":""},"class_list":["post-373","page","type-page","status-publish","hentry"],"_links":{"self":[{"href":"https:\/\/cercle-lc.ch\/wordpress\/wp-json\/wp\/v2\/pages\/373","targetHints":{"allow":["GET"]}}],"collection":[{"href":"https:\/\/cercle-lc.ch\/wordpress\/wp-json\/wp\/v2\/pages"}],"about":[{"href":"https:\/\/cercle-lc.ch\/wordpress\/wp-json\/wp\/v2\/types\/page"}],"author":[{"embeddable":true,"href":"https:\/\/cercle-lc.ch\/wordpress\/wp-json\/wp\/v2\/users\/1"}],"replies":[{"embeddable":true,"href":"https:\/\/cercle-lc.ch\/wordpress\/wp-json\/wp\/v2\/comments?post=373"}],"version-history":[{"count":1,"href":"https:\/\/cercle-lc.ch\/wordpress\/wp-json\/wp\/v2\/pages\/373\/revisions"}],"predecessor-version":[{"id":375,"href":"https:\/\/cercle-lc.ch\/wordpress\/wp-json\/wp\/v2\/pages\/373\/revisions\/375"}],"wp:attachment":[{"href":"https:\/\/cercle-lc.ch\/wordpress\/wp-json\/wp\/v2\/media?parent=373"}],"curies":[{"name":"wp","href":"https:\/\/api.w.org\/{rel}","templated":true}]}}

<p>Un immense soulagement a passé sur le pays. Viennent les heures de l&rsquo;espoir. La paix est signée à Versailles. Le jour même, pour la célébrer, le Cercle convoque une assemblée générale. Nous sommes le 28 juin 1919. On croit à un avenir d&rsquo;où seront bannis les errements qui ont déchiré le monde. Un ordre du jour est signé par tous les assistants :</p>
<p><em>La Paix, attendue depuis près de cinq ans par le monde entier, a été signée à Versailles aujourd&rsquo;hui. La Suisse, si elle a eu le bonheur de rester hors de la tourmente, a néanmoins été soumise à toutes sortes de privations, et c&rsquo;est avec joie que notre chère petite patrie voit sonner l&rsquo;heure de 1a paix; notre population de Fribourg n&rsquo;a jamais craint de manifester hautement ses sentiments de sympathie pour ceux des belligérants qui ont été victimes de la plus grande agression de l&rsquo;histoire et qui virent leur sol envahi, pour ceux qui défendaient le Droit, la Justice, la Libération des peuples opprimés, 1a Civilisation et qui, en même temps s&rsquo;étaient fait les champions des principes de Démocratie si chers à tous cœurs helvétique contre le Despotisme et l&rsquo;Autocratie à Fribourg et particulièrement dans notre Cercle littéraire et de commerce nous sommes toujours restés fidèles à nos grandes idées de Liberté et d&rsquo;Indépendance nationale qui ont donné naissance — il y a plus d&rsquo;un siècle — à notre association patriotique. C&rsquo;est dans ces sentiments que</em> <em>l&rsquo;assemblée de ce jour a été réunie et qu&rsquo;elle acclame, avec la Paix, la victoire de la Civilisation.</em></p>

<p>Un immense soulagement a passé sur le pays. Viennent les heures de l&rsquo;espoir. La paix est signée à Versailles. Le jour même, pour la célébrer, le Cercle convoque une assemblée générale. Nous sommes le 28 juin 1919. On croit à un avenir d&rsquo;où seront bannis les errements qui ont déchiré le monde. Un ordre du [&hellip;]</p>
