{"id":387,"date":"2018-11-15T13:00:05","date_gmt":"2018-11-15T11:00:05","guid":{"rendered":"http:\/\/www.cercle-lc.ch\/?page_id=387"},"modified":"2018-11-15T13:00:58","modified_gmt":"2018-11-15T11:00:58","slug":"le-peintre-courbet-membre-honoraire-du-cercle","status":"publish","type":"page","link":"https:\/\/cercle-lc.ch\/wordpress\/le-peintre-courbet-membre-honoraire-du-cercle\/","title":{"rendered":"Le peintre Courbet, membre honoraire du Cercle"},"content":{"rendered":"<p><span style=\"margin: 0px; font-family: 'Calibri',sans-serif;\"><span style=\"color: #000000; font-size: medium;\">En date du 25 novembre 1875, le Cercle adressait ses t\u00e9moignages de gratitude au peintre Gustave Courbet:<\/span><\/span><\/p>\n<p style=\"-webkit-text-stroke-width: 0px; word-spacing: 0px; margin: 0cm 0cm 7.5pt 0cm;\"><span style=\"margin: 0px; font-family: 'Calibri',sans-serif;\"><span style=\"color: #000000; font-size: medium;\">(&#8230;) Dans son assembl\u00e9e g\u00e9n\u00e9rale du 25 novembre dernier, le Cercle litt\u00e9raire et de commerce de Fribourg a d\u00e9cid\u00e9 \u00e0 l&rsquo;unanimit\u00e9 et par acclamation de vous recevoir, Monsieur, gratuitement et \u00e0 perp\u00e9tuit\u00e9, en qualit\u00e9 de membre honoraire, soit \u00e0 raison de vos m\u00e9rites \u00e9minents, soit \u00e0 raison de l&rsquo;honneur que vous lui avez fait en lui offrant si g\u00e9n\u00e9reusement votre chef-d\u2019\u0153uvre \u00ab\u00a0l&rsquo;Helv\u00e9tie ou La Libert\u00e9\u00a0\u00bb.<\/span><\/span><\/p>\n<p style=\"-webkit-text-stroke-width: 0px; word-spacing: 0px; margin: 0cm 0cm 7.5pt 0cm;\"><span style=\"margin: 0px; font-family: 'Calibri',sans-serif;\"><span style=\"color: #000000; font-size: medium;\">En se pla\u00e7ant dans l&rsquo;ombre de votre g\u00e9nie, en inscrivant votre glorieux nom parmi ceux de ses membres, le Cercle litt\u00e9raire et de commerce s&rsquo;acquiert une illustration \u00e0 laquelle il n&rsquo;eut jamais os\u00e9 songer. (&#8230;)<\/span><\/span><\/p>\n<p>&nbsp;<\/p>\n","protected":false},"excerpt":{"rendered":"<p>En date du 25 novembre 1875, le Cercle adressait ses t\u00e9moignages de gratitude au peintre Gustave Courbet: (&#8230;) Dans son assembl\u00e9e g\u00e9n\u00e9rale du 25 novembre dernier, le Cercle litt\u00e9raire et de commerce de Fribourg a d\u00e9cid\u00e9 \u00e0 l&rsquo;unanimit\u00e9 et par acclamation de vous recevoir, Monsieur, gratuitement et \u00e0 perp\u00e9tuit\u00e9, en qualit\u00e9 de membre honoraire, soit [&hellip;]<\/p>\n","protected":false},"author":1,"featured_media":0,"parent":0,"menu_order":0,"comment_status":"closed","ping_status":"closed","template":"","meta":{"footnotes":""},"class_list":["post-387","page","type-page","status-publish","hentry"],"_links":{"self":[{"href":"https:\/\/cercle-lc.ch\/wordpress\/wp-json\/wp\/v2\/pages\/387","targetHints":{"allow":["GET"]}}],"collection":[{"href":"https:\/\/cercle-lc.ch\/wordpress\/wp-json\/wp\/v2\/pages"}],"about":[{"href":"https:\/\/cercle-lc.ch\/wordpress\/wp-json\/wp\/v2\/types\/page"}],"author":[{"embeddable":true,"href":"https:\/\/cercle-lc.ch\/wordpress\/wp-json\/wp\/v2\/users\/1"}],"replies":[{"embeddable":true,"href":"https:\/\/cercle-lc.ch\/wordpress\/wp-json\/wp\/v2\/comments?post=387"}],"version-history":[{"count":1,"href":"https:\/\/cercle-lc.ch\/wordpress\/wp-json\/wp\/v2\/pages\/387\/revisions"}],"predecessor-version":[{"id":389,"href":"https:\/\/cercle-lc.ch\/wordpress\/wp-json\/wp\/v2\/pages\/387\/revisions\/389"}],"wp:attachment":[{"href":"https:\/\/cercle-lc.ch\/wordpress\/wp-json\/wp\/v2\/media?parent=387"}],"curies":[{"name":"wp","href":"https:\/\/api.w.org\/{rel}","templated":true}]}}

<p><span style="margin: 0px; font-family: 'Calibri',sans-serif;"><span style="color: #000000; font-size: medium;">En date du 25 novembre 1875, le Cercle adressait ses témoignages de gratitude au peintre Gustave Courbet:</span></span></p>
<p style="-webkit-text-stroke-width: 0px; word-spacing: 0px; margin: 0cm 0cm 7.5pt 0cm;"><span style="margin: 0px; font-family: 'Calibri',sans-serif;"><span style="color: #000000; font-size: medium;">(&#8230;) Dans son assemblée générale du 25 novembre dernier, le Cercle littéraire et de commerce de Fribourg a décidé à l&rsquo;unanimité et par acclamation de vous recevoir, Monsieur, gratuitement et à perpétuité, en qualité de membre honoraire, soit à raison de vos mérites éminents, soit à raison de l&rsquo;honneur que vous lui avez fait en lui offrant si généreusement votre chef-d’œuvre « l&rsquo;Helvétie ou La Liberté ».</span></span></p>
<p style="-webkit-text-stroke-width: 0px; word-spacing: 0px; margin: 0cm 0cm 7.5pt 0cm;"><span style="margin: 0px; font-family: 'Calibri',sans-serif;"><span style="color: #000000; font-size: medium;">En se plaçant dans l&rsquo;ombre de votre génie, en inscrivant votre glorieux nom parmi ceux de ses membres, le Cercle littéraire et de commerce s&rsquo;acquiert une illustration à laquelle il n&rsquo;eut jamais osé songer. (&#8230;)</span></span></p>
<p>&nbsp;</p>

<p>En date du 25 novembre 1875, le Cercle adressait ses témoignages de gratitude au peintre Gustave Courbet: (&#8230;) Dans son assemblée générale du 25 novembre dernier, le Cercle littéraire et de commerce de Fribourg a décidé à l&rsquo;unanimité et par acclamation de vous recevoir, Monsieur, gratuitement et à perpétuité, en qualité de membre honoraire, soit [&hellip;]</p>
